 (218 - 223)
-13
What is -648 + 671 + (-23 - -1)?
1
What is the value of -20 + (-7 - -20 - -2)?
-5
What is the value of -12 - (-4 + (-4 - (18 + -16)))?
-2
Evaluate (94 - 96) + (1 - 11) + 1 - -5.
-6
Evaluate (2 - (4 - 1)) + -7.
-8
Calculate 9 + (-2 - -11) + -2 + -4 + -7.
5
Calculate -10 + -1 - ((-3 - 3) + 11 + -4).
-12
1 + (1 - -3) + (5 - 3 - -6)
13
What is -2 + -5 - -5 - (0 - -9)?
-11
What is (4 - (4 - 1 - 5)) + 0 - -4?
10
Evaluate 0 - 3 - 7 - (27 + (-19 - 9)).
-9
Calculate (-3 - 13) + (5 - (4 + -4)).
-11
What is the value of -27 - (-11 - 0) - 1 - -8?
-9
(3 - -4) + 22 + -36
-7
14 + (9 - 9) + -11 + 0
3
15 - 30 - -6 - (-1 - -12)
-20
What is (4 - -7) + (4 - 13) + -10?
-8
Evaluate (15 - 14) + 6 - (4 + -2 + 1).
4
Evaluate 5 - 11 - ((8 - 10) + -11).
7
16 - -2 - (66 - 60) - 12
0
What is the value of 8 + (-19 + 15 - 18)?
-14
Calculate -6 - (-10 + -5 - -23).
-14
Calculate (-32 + 23 - -14) + -32.
-27
Evaluate (67 - (1 + 29)) + -61.
-24
-2 + (27 - 18) + -17
-10
What is 2 - (-4 - (-4 + (2 - -2 - 1)))?
5
Evaluate 7 - (20 + -46 + 20 + 0 + 6).
7
What is -13 - -1 - (-9 - -4) - 6 - -5?
-8
Calculate (43 + -37 - 11) + 23 + 0.
18
-2 + -11 + (-59 - -81) - (6 + -1)
4
Evaluate 0 + -6 + (6 - (20 + -5)) + 9.
-6
1 + -11 - (-34 + (-2 - -37))
-11
Calculate -27 + 34 + (-6 - 0) + -1 - 5.
-5
What is -8 + -2 + (34 - 4) - 11?
9
What is the value of -3 - -2 - (7 - -1) - (-330 + 294)?
27
Calculate -2 + (2 - -2) + 4.
6
What is -30 - ((-3 - -1 - -12) + -5 + -3)?
-32
What is 14 + -13 - (2 - -6)?
-7
Evaluate -1 - ((2 - -6) + -4 - -11) - -6.
-10
Evaluate (1 - 1 - -22) + (-31 - -14 - -12).
17
-4 - (-12 + 2 + -5 - 6 - 0)
17
Evaluate (-19 + 8 - -14) + 7 - (-6 + -3).
19
-35 + 49 + -16 + 9
7
Evaluate (-13 - (16 + -6 + -20)) + (-6 - 1).
-10
Evaluate (-1 - -11) + (-2 + 2 + 2 - 7).
5
Calculate -1 + 1 - (-1029 + 1056).
-27
What is 6 + (57 + -26 - 13)?
24
Calculate (-18 - (10 - 21)) + -13.
-20
Evaluate -11 + 28 + -16 + -8.
-7
Evaluate 10 - ((-4 - -39) + -20).
-5
Evaluate 18 - ((-3 - 1) + 15 + -8 - 5).
20
Calculate -14 - (5 - 11 - 11 - -24).
-21
What is 1 + 8 + (62 - 61)?
10
(19 - (2 - -13) - (1 - 9)) + -6
6
12 - 5 - (17 - 15) - (-6 - -1)
10
What is the value of (10 - -1) + (-520 - -501)?
-8
What is (5 - 14) + 2 + -6?
-13
What is -30 - (-2 - ((2 - -6) + -3))?
-23
What is (-5 - 0 - -9) + (25 - 14) + -13?
2
What is the value of (-7 - -9) + (0 - 11) + 4 + 7?
2
Calculate -3 + (-43 - (-20 + -9)).
-17
-28 + (-4 - ((-1 - 16) + 0))
-15
Evaluate (-10 - -2) + 8 + 4 + 0 + -13.
-9
(-18 - 1) + -37 + 28
-28
What is 104 + -31 + -75 + (-11 + -2 - 0)?
-15
(14 - 24) + 2 - -11
3
17 - (-24 + (7 - -15))
19
-491 + 470 + -11 + 1
-31
33 - (12 - -22) - (9 - 1)
-9
Evaluate -38 + 46 + (4 - 2).
10
Calculate -1 - (-15 + -13 - -15).
12
-2 + 7 - (6 + 0 + -4 + 4)
-1
What is the value of -8 + 14 + -8 - (-2 - (2 - 4))?
-2
Calculate 2 + 9 + -5 - (-11 - -17 - 9).
9
What is -3 + 7 + -15 + (16 - -3)?
8
What is -1 + 3 - (-16 - -27)?
-9
Calculate 1698 + -1669 - (35 - 1).
-5
What is the value of (-6 + 21 - -2) + -27?
-10
Evaluate 156 + -168 + 1 + (2 + -2 - -1).
-10
-7 - (12 + -29) - (-1 + 30)
-19
What is -14 + (0 - 0) - (-3881 - -3869)?
-2
What is the value of 16 + (13 - 24) + 1?
6
What is (-5 - (0 + -4 + 5) - -6) + -4?
-4
1 - -24 - 5 - (21 + -15)
14
What is 2 + 4 + -17 - (24 + -28)?
-7
5 - (25 + -25) - 32
-27
What is the value of (-8 + 8 - 9) + 1 - -4?
-4
What is (114 - 109 - (0 + 15)) + 10?
0
What is (15 - 3) + -1 + 2 - (-38 - -44)?
7
What is -3 + (1 + -6 - -4)?
-4
What is the value of 6 + 2 + 23 + 0 + -17 + 8?
22
What is the value of 12 + -21 + (-8 - -9)?
-8
What is 24 + -11 - 8 - (-4 - 3)?
12
What is the value of -17 + (20 - 17) - (-4 - 9)?
-1
What is (-1 - -13) + (-9 - (-20 + 10)) + -7?
6
Calculate -3 + 1 - (-10 + (19 - 30 - -30)).
-11
What is (-5 + 2 + 3 + 2 - 0) + -12?
-10
Evaluate -5 + 3 - (-3 - (3 + (-1 - 14))).
-11
Evaluate (2 - (-15 - -22)) + -9 + 3.
-11
Calculate -13 + -8 + 25 + -15.
-11
(16 - 6) + (-18 - 1) + -5
-14
Calculate -13 - (-19 + 1 + 7) - 8.
-10
Evaluate 0 + 23 - (-248 - -257).
14
What is the value of 32 - (20 + (7 - -19))?
-14
Calculate 30 - (13 - 6 - -5).
18
Calculate (-5 + 3 + 3 - 6) + 9.
4
What is the value of 15 + -24 + 15 + (-12 - 2)?
-8
What is the value of 0 + (-10 - (-2 - 14)) + 8?
14
What is -1 + 7 - (-43 - (-32 + -6))?
11
What is -23 - (-9 - 50) - 23?
13
What is the value of 12 + -33 + 21 + 22?
22
What is -25 - 1 - (-8 - (4 - 4) - -1)?
-19
What is the value of 19 + -58 + 23 + -1?
-17
What is the value of 20 + (-24 - 25) + 20?
-9
Evaluate 6 + -3 + 5 + -27 - (-1 + -5).
-13
(2 + -9 - (-11 + 23)) + -2 - -4
-17
Calculate 19 - 20 - (1 + 1 + 0).
-3
Evaluate 4 + 0 - (0 - (-7 - -3 - -2)).
2
Calculate -5 - (7 - 4 - (16 - 5)).
3
What is the value of 613 - 598 - (2 - -42)?
-29
Evaluate -8 + 1 + (8 + -9 + 7 - 12).
-13
What is the value of -40 + 31 + 21 + -2 - 11?
-1
Evaluate 5 - 4 - (274 + -276).
3
Evaluate (-10 - -17) + 6 - -12.
25
-8 - ((-7 - -22) + -7)
-16
Calculate 3 + 18 + -16 + -8.
-3
Calculate -2 + (6 - (6 - 4)) - -2.
4
13 + -2 + (125 - 109) + -11
16
What is the value of (16 - 45) + (-5 - -19)?
-15
Calculate -9 + 13 - (-14 + 12).
6
What is the value of (55 - 40) + -14 + (-1 - -9)?
9
Calculate -1 + -7 - (-148 + 134).
6
Calculate 28 + -2 + 13 + -16.
23
Calculate (-7 - 4) + (4 - 2) - (-21 - 13).
25
What is the value of -5 - (17 + -10 + -9)?
-3
What is the value of (-3 - -15 - (-7 + 10)) + -1?
8
1 + -1 - -7 - 25
-18
Evaluate 8 + 6 + -10 - 13 - (3 + 8).
-20
22 - (-31 - -20 - -31)
2
(19 - ((141 - 138) + (-3 - -1))) + 5
23
21 + -17 + -23 - -37
18
Evaluate 2 + -6 + 0 + -10 + 11.
-3
-11 - (-23 - -28) - (0 + 4)
-20
What is the value of 264 - 244 - (2 + 1)?
17
What is -13 + (-6 - (-1 - 13)) + (4 - 4)?
-5
Evaluate -1 + 3 + -16 + (15 - 6).
-5
What is -9 - (14 + -13 + -12)?
2
What is 64 + -67 + (2 + -37 - -6)?
-32
What is 38 + 1 - 6 - 10?
23
What is -19 + (5 - (-4 - (-10 + 11))) + -19?
-28
41 - (-14 + 13 - -5) - 11
26
12 + -15 + 3 + -9 + 15 + 0
6
What is (13 - (14 - (3 + -10))) + 2?
-6
Calculate 8 + (10 - 8) - (-4 - 1).
15
(0 - 3) + 41 + -22
16
What is the value of -9 + (601 + -613 - (4 - (0 + 1)))?
-24
Calculate (-15 + 44 - 3) + -33.
-7
Evaluate 2 + 2 + (4 - 13) + 2 + 2.
-1
What is (-10 + 11 - 18) + 34?
17
56 + -34 + -2 + 0
20
111 + (-84 - 11) - (-1 - -53)
-36
Evaluate 2 - (-26 + 28) - (-24 + 2 + 3).
19
Evaluate -294 - -307 - ((7 - -2) + 4 + -4).
4
12 + (1 - (2 + -1)) - (-87 + 90)
9
What is the value of 8 + -8 + (21 - 30)?
-9
Calculate (2 - -23) + (8 - 16) - 6.
11
What is (16 + -51 - -11) + 11?
-13
Calculate (-340 - -341) + (0 - (1 + -1)).
1
What is the value of (-8 - 2 - (5 - 15)) + 21?
21
38 - (-45 + 117 - 25)
-9
Evaluate (7 + -1 - -6) + (14 - 24).
2
Evaluate 4 + -12 + 14 - (7 - 6 - -11).
-6
What is the value of (-10 - (-15 - -6)) + (1 - 4) - 3?
-7
What is (22 - 1) + 0 + (9 - (11 - 0))?
19
-7 + (-1 - (-5 + 2 + 5 - 1))
-9
What is -4 - (-16 - (-45 - -14))?
-19
What is -13 - (-9 - -4 - -5) - -7?
-6
354 + -345 + -2 + -1
6
What is 15 + 29 + -54 + -4 + 30?
16
What is -2 + (2 - 4) + (17 - 17)?
-4
What is (-5 - (-20 - -3)) + -25?
-13
-4 + 0 - (8 - (35 - -5))
28
What is the value of (-11 - -1 - 15) + 11 + -1 + -2?
-17
What is the value of 27 - (4 - (-19 - (-5 + -14)))?
23
41 - 78 - (-67 - -1)
29
Evaluate 13 - ((-11 - -3) + 24).
-3
Evaluate -6 - (6 - (28 + 4 - 8)).
12
What is -128 + 129 - (-9 - (1 - 2) - 0)?
9
Calculate -54 + 11 + 58 + (6 - -1).
22
Calculate -5 + (-1 + -1 - (20 + 19 + -34)).
-12
Calculate (7 - -3) + -14 + (1 - 13).
-16
(2 - -4 - 3) + 30 + -25
8
Calculate (-6 - (-4 + -14)) + -5 + 3.
10
Calculate -2 + 20 + -7 + 8 + -5 + 0.
14
What is the value of (0 - -2) + (25 + -12 - -1) + -30?
-14
Evaluate (5 - -2) + 162 + -161.
8
What is the value of (9 + -17 + 5 - -27) + (2 - 2)?
24
Calculate 4 + 4 - -5 - 5.
8
What is -23 - (-12 + (21 - 35))?
3
Calculate (-17 - (3 + -4)) + (23 + -15 - 1).
-9
Calculate 0 - -24 - (-295 + 311) - -2.
10
Evaluate (-4 - 0) + 111 + -121.
-14
What is 7 + (6 + -13 - -18) + -2?
16
Calculate 19 + -12 - 11 - -9.
5
What is the value of (1 - 4) + (0 + -6 - 3)?
-12
What is the value of 11 - 21 - -52 - (2 - -6)?
34
Evaluate (108 - 138) + 1 + 63.
34
Calculate 10 - (11 + -14 + -2).
15
What is the value of -8 - 1 - (25 - (16 - -28))?
10
What is the value of -562 - -556 - (1 - 1)?
-6
Evaluate 6 - ((-9 - -1